luate -3 + 3 - (0 + -1).
1
Calculate -1 - (-2 - (4 + -6 + 1)).
0
What is the value of -2 + (3 - 0) - 4?
-3
Evaluate 0 - (2 + 0 + -6).
4
What is the value of -5 - (7 + 1 - 13)?
0
What is 3 + -2 + -4 + -3 + 6?
0
What is the value of 37 - 26 - (6 + 0)?
5
Evaluate (18 - 14) + -1 + -3.
0
Evaluate 11 + -8 - 2 - -6.
7
-5 + -8 + 10 + (-1 - 1)
-5
(-10 - -8) + 3 + 1
2
What is the value of (3 - (2 + -3)) + -5 - -1?
0
2 + -1 + 5 + -5 + -8
-7
What is the value of -1 - (2 + -1 + (-2 - -3))?
-3
What is 5 + 3 + (0 - 2)?
6
Evaluate (2 - 5 - (-2 + 1)) + 2.
0
What is the value of -5 - (1 + 0 + -1)?
-5
6 + (6 - 6) + -8
-2
Calculate 1 - (-4 + 7 - 1).
-1
What is the value of -1 - (-8 + 4 - 2)?
5
Evaluate 1 - 2 - (3 - 7).
3
Calculate (8 - 0 - 4) + 0 + -6.
-2
9 - (12 + 3) - 3
-9
Evaluate 5 + -3 + -1 + 2 + -3.
0
Evaluate -4 + 2 + -1 - (11 + -25).
11
Calculate 2 + 3 - (23 - (12 + -1)).
-7
What is (0 - 7) + -1 + (-26 - -27)?
-7
-7 + 1 + 3 + 4
1
What is the value of (7 + -7 - (-2 + 0)) + -2?
0
Evaluate 9 + 4 + (-5 - 5).
3
What is the value of 5 + (5 - -1) + -28 + 20?
3
4 - ((2 - -8) + (-7 - -7))
-6
What is -2 + 8 + (-1 - (-3 + 5))?
3
-4 + (1 + 5 - 2)
0
What is 4 - (-2 - (0 + 3 - 4))?
5
What is 6 + 3 + (-12 - 0)?
-3
Calculate -10 + 1 - -9 - (1 - 7).
6
4 + (-5 - -3) - (-2 + 0)
4
What is -3 + (13 - (8 + 1))?
1
What is the value of (-5 - -2) + 0 + -4?
-7
(6 - (-1 + 4)) + -1 - -5
7
What is the value of 0 + 5 - (3 - -1)?
1
Calculate 5 - (12 + -9 - 1).
3
0 + (22 - 23) + (2 - 9)
-8
11 - 6 - (-20 + 21)
4
Evaluate (-10 - -6 - -3) + 7 + -4.
2
Calculate -2 - (4 + 0 - (-4 - -7)).
-3
Evaluate (4 - (0 + 5)) + 2 + -4.
-3
What is the value of 0 - 2 - (-115 + 119)?
-6
What is the value of 0 - (-2 - (-3 + -1)) - -1?
-1
Evaluate (9 - (7 + -4) - -3) + -4.
5
6 + -1 + (0 - (-1 + 1))
5
What is the value of 2 - (17 + (10 - 23))?
-2
What is 2 + (9 - 12) - -1?
0
What is (-1 - -2) + -10 + (-88 - -93)?
-4
Evaluate -4 - (1 + 1 + -1 + 1).
-6
What is the value of (0 - -9) + (0 - (-7 + 11))?
5
2 - (2 - 4) - (-7 - -11)
0
Calculate 7 + (1 + -4 + 1 - 0).
5
What is (2 - (6 + -2) - -4) + -7?
-5
Calculate -3 + 4 + -5 - (-1 - 0).
-3
What is 1 + 0 + (18 - (21 + -1))?
-1
Evaluate 9 - (15 - 1) - -7.
2
(1 - 0) + 7 + -6 - 2
0
What is the value of 4 - (4 + -5 + 4)?
1
Evaluate 22 + -22 - (1 - 0).
-1
Evaluate -3 + 4 + (0 - -4).
5
What is the value of 2 + 5 + -9 + -1?
-3
2 + 7 - (2 + 10 - 4)
1
What is the value of -4 + 3 + -3 + -1?
-5
(-1 - -6) + (-9 - -1 - -3)
0
Evaluate -7 + 4 - (-1 + -2 - -4).
-4
Calculate 63 + -69 + (0 - -4) - 1.
-3
1 + -3 + -9 + -9 + 17
-3
Calculate (10 + -6 - 5) + (1 - 4).
-4
Calculate -3 - -2 - 3 - (-7 + 0).
3
Evaluate (-1 - 3 - -2) + 6 + -2.
2
What is the value of (6 + 0 + -6 - 5) + -2?
-7
-14 + 8 - 7 - (-5 + 1)
-9
What is 3 + -1 + -3 + 0 + 4?
3
Evaluate (-4 - -1) + 3 + -2 - -6.
4
Calculate (15 - 25) + (2 - -16).
8
Evaluate 17 - 9 - (2 + 7).
-1
Calculate 7 - (5 + -12) - 7.
7
What is (-19 - -20) + (-4 - -1) + 0?
-2
12 + -16 - (-5 + -1)
2
Evaluate 2 - -2 - (-12 + 22).
-6
What is the value of -63 - -60 - (-2 - -5)?
-6
0 - 0 - (-3 - (-1 + 3))
5
What is the value of 3 + 3 + 9 + -9?
6
Evaluate (27 - 29) + (-3 - 0).
-5
Evaluate 0 + -3 + (1 - -2).
0
Evaluate -4 + -2 + 4 - (6 + -8).
0
Calculate (2 - 0) + (21 - 15).
8
Evaluate 8 + (-1 - -9) + -9.
7
Calculate 2 - 1 - (18 - 17).
0
What is the value of -4 + -5 + (1 - -7)?
-1
Calculate (3 - (2 + 5)) + 1 + 7.
4
-1 + -1 + 2 - 1
-1
What is the value of (-19 - -1) + (82 - 73)?
-9
9 - (10 - 12 - 0)
11
What is the value of -13 + 8 - (0 + 0)?
-5
What is the value of 2 + 2 + -3 + 0?
1
What is (5 - (-9 - -8 - -7)) + 1?
0
What is -13 + -2 + (8 - -2)?
-5
Evaluate -4 + 5 + (-6 - -8).
3
-14 - -5 - 2 - -9
-2
What is the value of -1 - (0 - 2) - (-33 + 29)?
5
What is the value of 3 + (3 - 5 - 6)?
-5
What is the value of (-8 + 4 - 1) + 2 + 1?
-2
Calculate -2 + 0 + 1 + -3.
-4
What is the value of 4 - (0 - -1) - 1?
2
Evaluate -2 - ((-8 - -12) + -8).
2
What is the value of -7 + (12 - 11) + 6?
0
Evaluate (-7 - 0 - 4) + 3.
-8
What is (9 - (-1 + 6)) + -4?
0
What is 23 - 24 - (-2 - (0 + 1))?
2
Evaluate 0 + (-4 - -4 - 4).
-4
-2 - (-1 + -8 + 4 - -10)
-7
4 + (-26 - -13) + 16
7
What is the value of 2 + -1 + (7 - 11)?
-3
(-5 - -14) + -6 + (2 - 8)
-3
4 + -2 + 1 + -2
1
Calculate (-4 - 0) + -4 + 8.
0
What is the value of 0 + -16 + 4 + 4 - -16?
8
(-157 - -140) + (7 - 0)
-10
Calculate (-295 - -303) + 2 + -7 + 2.
5
What is the value of -2 + -6 - (1 + -14 + 8)?
-3
What is 0 - -1 - (1 - -1) - 4?
-5
Calculate -3 + 1 - (-2 + 0).
0
What is 3 - (-2 + 2 - (0 + -2))?
1
What is the value of (8 - 17 - -3) + (18 - 3)?
9
14 + -4 - (-6 - (-6 - 5))
5
Evaluate 1 - (-3 + (3 - 2) - 2).
5
4 - 0 - 0 - 5
-1
What is -6 + 3 - (-9 + 1)?
5
What is -3 + 11 - (-9 + (16 - 1))?
2
Evaluate -4 + -7 + -1 + 1 + 7.
-4
Calculate -4 - (-2 + 3 + -2 - 0).
-3
What is 6 + 0 - 10 - (-1 - 1)?
-2
What is 0 - 1 - (-5 + 1 - -1)?
2
1 - (7 - (6 + 3 + -5))
-2
Evaluate 1 - (-1 + 0 + 0 + 0).
2
What is the value of -3 - (0 - 1 - -2)?
-4
(-1 + 4 - (-5 + 2)) + -4
2
Evaluate 10 + -19 + 10 + 4 + -1.
4
What is (-2 - (-9 + 2)) + (0 - 3)?
2
8 + -6 - 9 - 1
-8
What is -36 + 40 + (-9 - 1)?
-6
What is the value of -6 + 13 - 6 - 5 - 3?
-7
Evaluate (8 - -3 - 3) + -4 + 1.
5
What is 3 - (-5 + (5 - -4))?
-1
What is -6 + (-6 - (0 + -9)) - -8?
5
Calculate 1 + (-2 - -4) + (-14 - -11).
0
Calculate 3 + 2 + (-2 - 0 - 2).
1
-8 + -1 - (-126 + 117)
0
What is the value of 0 + -2 + (-8 - -13) - 7?
-4
What is the value of 2 - ((3 - 9) + 4)?
4
What is 51 + -44 - (4 + 0)?
3
Evaluate 6 + (-4 + 0 - 4) - -3.
1
2 + (1 + 3 - 3) + -3
0
What is -3 - 0 - (-4 - -5) - -1?
-3
Calculate 1 - (-6 + (5 - -3)).
-1
Evaluate -1 + -1 + -3 + 9 + 1.
5
Evaluate (16 + (-10 - -6) - 4) + -2.
6
What is -4 + (4 - 6 - -5)?
-1
Evaluate 1 + -10 - (32 + -37).
-4
Calculate 11 - (21 + -5 + 0).
-5
What is the value of 11 + (-4 - ((6 - 2) + -1))?
4
Evaluate 5 + (-1 + 0 - (1 - -1)).
2
What is -1 + 4 - 1 - (-2 - -3)?
1
-10 + (0 - -8) + 6
4
What is (-36 - -44) + -4 + 0?
4
What is 1 - 18 - (-120 - -112)?
-9
What is 4 + 1 - (0 + 1 - -1)?
3
Evaluate -11 - -1 - (-25 - -16).
-1
Calculate -3 - -7 - (-12 + 14).
2
What is the value of -6 + 18 + -15 - 1?
-4
What is 4 + (-8 - -4 - 4) + 0?
-4
What is 0 + 3 + -3 + -30 + 29?
-1
What is 51 + -48 + 1 + -1?
3
What is the value of (3 - (0 - (-12 + -1))) + 4?
-6
-6 + -1 - (9 + -9 + -11)
4
3 + 1 + 0 + -20 + 22
6
What is the value of (5 - -4) + 0 - 6?
3
Evaluate -4 + 3 + (-2 - 0 - 0).
-3
What is 8 - (1 + (3 - 2) - 3)?
9
Calculate -10 + (10 - -2) + 7.
9
-12 + (-2 - -4) + 6
-4
Evaluate 8 + (-5 - 2) - (1 - 1).
1
What is 5 - (2 + 2 + -3)?
4
2 + -12 - (6 - 3 - 8)
-5
What is the value of 2 - -3 - (2 - -3)?
0
What is the value of (-30 - -17) + (16 - 5)?
-2
-2 + (2 - 3) + (17 - 20)
-6
Calculate -3 + -2 + 3 - 0.
-2
What is -4 + -1 + 4 - (0 - -4)?
-5
What is the value of -8 + ((-3 - -5) + 6 - -8)?
8
-1 - (2 + 0) - (23 - 24)
-2
-4 + 10 + (5 - 22) + 2
-9
What is the value of 11 + -2 + -3 + (-3 - 0)?
3
Evaluate -6 - (-5 + 1 - (14 + -16)).
-4
Calculate 21 + -18 + (-8 - -1).
-4
Evaluate 1 + (-3 - (3 - (7 - 2))).
0
What is the value of -2 - (-2 + 1 + 0 - -4)?
-5
Evaluate (2 - (4 - 4)) + 2.
4
Calculate 11 + -1 + 15 + -17.
8
Evaluate 14 - 23 - -7 - -10.
8
What is 10 - (-10 + 7 - -17)?
-4
-1 + (16 - (0 + 9))
6
0 + -17 + 10 - -4
-3
What is (2 - 5) + 9 + -6?
0
What is (8 - -5) + -8 + -5?
0
Calculate (26 - 26) + (-1 - -1) - 7.
-7
Calculate -1 + 3 - (-5 + (-5 - -7)).
5
Evaluate -12 + 9 + (6 - 1) + -4.
-2
What is (0 - 0) + (1 - (-2 - 2))?
5
What is 7 - (-4 + 10 - (4 - 3))?
2
Calculate 0 + (8 - 11 - (-1 - 0)).
-2
Calculate 4 - (-3 - ((-5 - -1) + 1)).
4
What is -4 + (-6 + 5 - 0)?
-5
What is the value of 1 + (-7 - 3 - -6 - 3)?
-6
What is the value of 2 + -4 + -5 - (3 + -5)?
-5
What is the value of 9 + -11 + 0 + 1 + 0?
-1
What is the value of -7 + -7 + 2 + 8?
-4
-4 + 1 - 1 - (-2 - 0)
-2
Evaluate -3 + 1 + -5 - (-11 - -5).
-1
What is the value of -187 - -183 - (2 + -10 + 0)?
4
Evaluate -6 + -7 + (14 - 2).
-1
What is the value of (-2 - -3 - -7) + -8?
0
What is the value of 4 + (-9 - -5) - (0 + -3)?
3
What is the value of 8 - (3 - 1 - 2) - 3?
5
Evaluate (-5 - (0 - 0)) + 4.
-1
Evaluate 9 + -4 + 0 + -3.
2
What is (-21 - -20) + 1 + 0?
0
5 - (3 - (2 + -4 + 6))
6
What is -3 - ((-1 - 3) + 2)?
-1
What is 4 - (-